ctor of 28 and a.
14
Let p(o) = 3*o + o**2 + 2 - 4 + 0. Let m be p(-4). What is the greatest common factor of 22 and m?
2
Suppose y = -5*y + 36. What is the greatest common divisor of y and 4?
2
Let t be (-9)/2*(-12)/(-9). Let b be t/9 + (-94)/(-6). Let r = b + 0. What is the highest common divisor of 45 and r?
15
Suppose -2*r = 2*r. Suppose r*u - 4 = -2*u. Suppose -u*s + 1 = -3. What is the greatest common factor of 6 and s?
2
Suppose l = -l + 28. What is the highest common factor of 14 and l?
14
Let r = -6 + 38. Let t be (12/(-9))/((-1)/3). What is the highest common divisor of r and t?
4
Suppose 5*d = d + 4. Suppose -3 = -2*z - d. Calculate the highest common factor of z and 7.
1
Let m = -78 + 80. What is the greatest common divisor of m and 2?
2
Suppose -3*o + 2 + 4 = 0. Suppose 0*z = -o*z, 5*z - 60 = -5*f. Calculate the greatest common divisor of f and 4.
4
Let h = 104 + 1. Let j(i) = i**3 - 2. Let x be j(0). Let c be (-1 - 4)/(x/6). Calculate the highest common factor of c and h.
15
Let f = 11 + 1. Let c(m) = 10*m**2 + 3*m + 2. Let n be c(-2). Calculate the greatest common divisor of n and f.
12
Let t be (-524)/(-10) - 14/35. Suppose 6*f = 2*f + t. Calculate the highest common factor of 52 and f.
13
Let k be 20/(-6) + 3/9. Let d be k/(-6) + (-503)/(-2). What is the highest common factor of 28 and d?
28
Suppose 7 = -l - 9. Let k be 2/9 - l/9. Suppose 43 = -2*q - 4*u + 123, 4*q - k*u - 180 = 0. Calculate the greatest common factor of q and 4.
4
Suppose 33*l - 11 = 32*l. Calculate the greatest common factor of 77 and l.
11
Let b be 3*2/6*-5. Let k = b - -9. Suppose k*x = 83 - 27. Calculate the greatest common divisor of x and 35.
7
Suppose 4*b + 5*k + 0*k = 33, b = -4*k + 22. Suppose -p + 18 = b. Suppose l - 2*l = -p. Calculate the highest common divisor of l and 40.
8
Let b(u) be the first derivative of 2*u**3 + 1 + 6*u + 1/4*u**4 + 3/2*u**2. Let a be b(-5). What is the greatest common factor of 8 and a?
8
Let s(j) = -j + 25. Let x be s(0). Calculate the greatest common divisor of 175 and x.
25
Let f(o) = -o**2 + 11*o - 12. Let i = 19 + 2. Let n = 29 - i. Let q be f(n). Calculate the highest common factor of q and 96.
12
Let k(s) be the second derivative of s**4/12 - s**3/6 - s**2/2 - s. Let i be k(2). Calculate the highest common factor of i and 1.
1
Let c be 5*-5*(-76)/95. Let g(n) = -29*n + 1. Let s be g(-1). Calculate the greatest common factor of c and s.
10
Suppose 2*j = 7*j + 4*h - 546, 0 = 5*j + 2*h - 548. Calculate the greatest common factor of 10 and j.
10
Let l be (-184)/(-44) - 6/33. Suppose 0 = l*i - 30 - 90. Calculate the highest common factor of i and 330.
30
Let j = -253 - -365. What is the highest common divisor of j and 14?
14
Let b be (1 + -1)*(-1)/(-3). Suppose -4*v + b*v = -180. Calculate the greatest common factor of v and 9.
9
Let t(g) = g**2 + g - 3. Let k be t(3). Let u = 127 - 2. Let o be u/2 - 2/(-4). What is the highest common factor of k and o?
9
Let w = -13 + 13. Suppose -24 = -4*s - w*s. Calculate the highest common divisor of 6 and s.
6
Let f = 11 + -2. Suppose p = 1 + f. Calculate the highest common factor of 50 and p.
10
Let t(u) = -u**3 + 3*u**2 + 9*u + 9. Let o be t(5). What is the highest common divisor of 8 and o?
4
Let h(v) = -v**2 - 13*v - 12. Let n be h(-11). What is the greatest common factor of n and 10?
10
Let a = 70 + 7. Calculate the greatest common divisor of 11 and a.
11
Suppose 0 = -3*r - 4 - 14. Let j = r + 12. Calculate the greatest common divisor of 30 and j.
6
Let c = -24 + 26. Suppose -q - 4*r + 12 = -5*r, 3*q - c*r - 39 = 0. Calculate the greatest common divisor of 15 and q.
15
Let d(q) = -q + 5. Let h be d(2). Let t = -14 - -10. Let j be 5*1/(-10)*t. Calculate the highest common divisor of h and j.
1
Let s = 6 + -3. Suppose s*y = -21 + 66. Calculate the highest common divisor of y and 15.
15
Let h(z) = 23*z + 7. Let t be (-6)/(-4) + (-21)/(-14). Let f be h(t). What is the highest common divisor of f and 19?
19
Suppose 0 = -5*q + 547 - 7. What is the greatest common factor of q and 12?
12
Let l be (-2)/12 - 13/(-6). Let o be 6/8*(54 - l). What is the greatest common factor of 13 and o?
13
Suppose 5*s + 3*d - 2*d = 24, -5*d + 16 = -s. Suppose -m + 4*m - 108 = -s*o, 20 = 5*m. What is the highest common divisor of o and 6?
6
Let o = 7 + 2. Let n = 15 - o. Calculate the greatest common divisor of 2 and n.
2
Suppose -2*j = -2*i + 2, -3*j - 5*i + 8 + 5 = 0. Let h be j - -47 - 0/(-10). Calculate the greatest common factor of 6 and h.
6
Let v be (1 - -101) + (15 - 3)/4. Suppose 4*f - 2*y - 158 = 0, 2*y + 116 = 3*f - 0*y. Calculate the greatest common factor of f and v.
21
Let o(w) = -3 - 6*w - w + 5. Let i be o(-4). Let x be -100*3/(i/(-4)). What is the highest common factor of x and 8?
8
Suppose -4*z = -4*y - 44, y - 79 = -z - 4*z. What is the highest common factor of z and 75?
15
Let f(h) = h + 11. Let c be f(-7). Suppose 8 = c*x - 88. What is the greatest common factor of 36 and x?
12
Suppose v + 5*f - 13 = 0, -1 = -v + 2*f - 3*f. Let i be v/9 + (-2)/(-9). Suppose -12 = -z - i*z. What is the greatest common divisor of z and 2?
2
Suppose -838 = -3*x - t - 0*t, 0 = -5*x - 2*t + 1396. Let b be (30/7)/(10/x). Suppose -a = -6*a + 75. Calculate the highest common factor of b and a.
15
Let c = -24 - -41. Suppose -4*h + 29 = -3*f - 51, h = -4*f + 1. Suppose -2*t = -t - h. Calculate the highest common divisor of c and t.
17
Suppose 37 = 4*y - 95. Suppose 33 = p + 2*p. What is the highest common factor of y and p?
11
Let c(t) = 5*t + 6. Let h be c(2). Calculate the highest common divisor of h and 128.
16
Let r be (0/3 - 2) + 19. Calculate the greatest common factor of 51 and r.
17
Let w = 861 - 438. Calculate the highest common factor of 47 and w.
47
Suppose -2*d = -4*d - 12. Let b(i) = 0*i + 0*i + 2 + i + 5. Let a be b(d). Calculate the greatest common divisor of 9 and a.
1
Suppose -41 = 4*t + 35. Let f = t - -29. What is the greatest common divisor of f and 40?
10
Let r(t) = -t**2 + 7*t - 7. Let l be r(5). Let d be (0 + l/(-5))*-35. Calculate the greatest common factor of d and 42.
21
Let c = -4 - -11. Let q = c + -4. Let g be (0 - 1)/(1/(-3)). What is the greatest common factor of q and g?
3
Suppose 138 = 3*x + 24. Calculate the highest common divisor of x and 304.
38
Let z(j) = -4*j - 18. Let q be z(-6). Let p(t) = 5*t**2 - 2*t + 3. Let k be p(-3). What is the greatest common factor of q and k?
6
Suppose 0 = -2*z + 4*z + 12. Let s be (-162)/(((-9)/z)/(-1)). Calculate the highest common divisor of 12 and s.
12
Suppose 60 = -25*m + 30*m. Suppose -14 = -j - 4*q, 0 = -q - 4 + 6. Calculate the highest common divisor of j and m.
6
Let a(x) = 4*x**3 + 2*x**2 - 7*x + 10. Let v be a(2). Calculate the greatest common factor of 126 and v.
18
Suppose -2*a - 205 = -3*a + 4*x, a + x = 210. Calculate the greatest common factor of 19 and a.
19
Let o be (-30)/(-4)*220/6. Let s be 3043/34*(-2 + 0). Let k = s + o. Calculate the highest common divisor of k and 12.
12
Let z(l) = l + 7. Let m be z(-3). Suppose 5*d - m*r - 2 + 102 = 0, -2*d - 37 = -r. Let f = d + 26. What is the greatest common divisor of 20 and f?
10
Let k = 9 + -15. Let b = 11 - 12. Let g be (-2)/(9/k - b). What is the highest common factor of g and 32?
4
Let a = 3 + -11. Let u = -4 - a. Calculate the highest common factor of u and 44.
4
Let g(s) = 2 - 2*s**3 + s + 3*s**3 - 2*s**2 - 2*s**2 - 3*s. Let u be g(5). Calculate the greatest common factor of u and 119.
17
Suppose 0 = 2*s - 240 + 6. Calculate the highest common divisor of 13 and s.
13
Let w(z) = z**2 + 14*z - 16. Let m be w(-17). Calculate the greatest common divisor of 175 and m.
35
Let m = 14 + 4. What is the greatest common factor of m and 9?
9
Let h = -13 + 8. Let t(l) be the second derivative of -l**3/6 + l**2 + l. Let n be t(h). What is the greatest common divisor of 1 and n?
1
Let n(k) = -4*k**2 - 3*k + 1. Let x be n(2). Let t be 1/3 - (-574)/x. Let o = -14 - t. What is the highest common factor of 65 and o?
13
Let x = -25 - -35. Suppose -6*p - 25 = -p, -5*w + 5*p + 50 = 0. Calculate the highest common factor of w and x.
5
Suppose 5*t + 183 = -5*a + 893, 2*t = -3*a + 424. Suppose 112 = 2*m - a. Let p = -23 + 37. Calculate the greatest common factor of m and p.
14
Suppose -4*f - f 